
Calculate the highest common divisor of 27612910 and 2535.
845
What is the greatest common divisor of 9484190 and 2230?
2230
What is the greatest common divisor of 14291250 and 8732?
74
What is the highest common factor of 6361634 and 341?
31
Calculate the highest common factor of 774 and 1616542.
86
What is the greatest common factor of 1155735 and 1529955?
945
Calculate the greatest common factor of 3567 and 454321.
41
What is the highest common divisor of 84 and 101160240?
12
Calculate the highest common divisor of 55 and 569585720.
55
What is the highest common factor of 25714687 and 47?
47
What is the greatest common factor of 98 and 43117207?
49
Calculate the greatest common factor of 138905 and 111995.
65
What is the greatest common factor of 5143738 and 590?
118
What is the greatest common divisor of 1122245 and 2525?
5
What is the highest common factor of 8528 and 76960?
208
Calculate the greatest common factor of 20 and 76621560.
20
Calculate the greatest common factor of 38016 and 27309312.
3456
What is the greatest common factor of 1150636 and 379452?
1228
What is the greatest common factor of 85144 and 14072?
8
What is the highest common factor of 123905156 and 1585?
317
What is the highest common factor of 456092438 and 3634?
3634
What is the greatest common divisor of 252282 and 19969?
19
Calculate the greatest common factor of 51688868 and 924.
308
What is the greatest common divisor of 42431 and 57229?
151
What is the greatest common factor of 15336 and 2546344?
568
Calculate the highest common divisor of 327540 and 3405780.
3180
Calculate the highest common divisor of 1972 and 2690040.
116
Calculate the highest common factor of 408343 and 25256621.
4043
What is the highest common factor of 32 and 820667584?
32
Calculate the greatest common divisor of 77074613 and 231.
77
What is the highest common divisor of 67177 and 71455?
31
What is the highest common factor of 169080 and 25260?
60
What is the highest common divisor of 176 and 312741?
11
What is the greatest common divisor of 176 and 4036656?
16
Calculate the greatest common factor of 10294746 and 132.
66
Calculate the highest common divisor of 61092 and 708732.
36
What is the greatest common factor of 186020 and 241302?
262
What is the highest common divisor of 407341916 and 2056?
1028
Calculate the greatest common divisor of 398144152 and 56.
56
Calculate the greatest common factor of 3665844 and 3024.
756
Calculate the greatest common factor of 129 and 43622167.
43
What is the greatest common factor of 10242659 and 23?
23
Calculate the highest common factor of 93613429 and 142.
71
Calculate the highest common factor of 168407132 and 1940.
388
What is the greatest common factor of 134 and 1334975?
67
Calculate the greatest common factor of 14283 and 2543823.
207
What is the highest common factor of 2823140 and 20?
20
Calculate the highest common factor of 16 and 372877.
1
What is the greatest common factor of 23299629 and 438?
219
What is the highest common factor of 12281961 and 38?
19
What is the greatest common factor of 13084 and 114268?
4
What is the highest common divisor of 13973330 and 350?
70
What is the highest common factor of 22 and 865380?
2
Calculate the highest common divisor of 14 and 4291712.
2
What is the greatest common divisor of 8067 and 13106186?
2689
What is the highest common divisor of 66 and 39263442?
6
Calculate the greatest common divisor of 12839489 and 58.
29
What is the highest common divisor of 7493248 and 242527?
8363
What is the highest common divisor of 9253 and 2622?
19
Calculate the greatest common factor of 9114 and 219418.
62
What is the highest common divisor of 2449 and 1129361?
31
Calculate the highest common divisor of 280 and 19346840.
40
What is the greatest common factor of 1829998 and 38575?
1543
Calculate the highest common divisor of 4666 and 2593880726.
4666
What is the highest common divisor of 1522552507 and 3813?
1271
Calculate the highest common factor of 5181 and 18150456.
471
What is the greatest common factor of 119 and 1934294?
17
Calculate the highest common divisor of 24114 and 47556827.
4019
Calculate the highest common divisor of 296846564 and 56.
28
Calculate the highest common divisor of 2179790001 and 2034.
1017
Calculate the greatest common divisor of 1785589632 and 5477.
5477
What is the greatest common factor of 1842 and 32508?
6
What is the highest common divisor of 795744 and 564?
12
What is the greatest common factor of 15886115 and 35?
35
What is the highest common factor of 2576966 and 604?
302
What is the highest common divisor of 269813001 and 204?
51
Calculate the greatest common factor of 438 and 754769922.
438
Calculate the highest common divisor of 500317304 and 1336.
1336
Calculate the highest common divisor of 112380 and 3225540.
60
What is the greatest common divisor of 15272 and 5159544?
184
Calculate the highest common factor of 562 and 10354850.
562
Calculate the highest common factor of 14294 and 975254.
14
Calculate the highest common divisor of 40731540 and 36.
12
Calculate the highest common divisor of 60749762 and 3899.
557
Calculate the highest common factor of 15708885 and 105915.
345
Calculate the highest common factor of 1461117 and 27552.
861
What is the greatest common divisor of 987 and 6434253?
987
What is the highest common factor of 7860 and 17869710?
3930
Calculate the highest common divisor of 1877777 and 693.
11
What is the highest common factor of 2528 and 208711048?
632
Calculate the greatest common divisor of 18340 and 208955873.
917
What is the greatest common factor of 39 and 183437787?
39
What is the highest common divisor of 56 and 62496644?
28
Calculate the greatest common divisor of 159160100 and 25.
25
What is the greatest common factor of 5583768 and 81489?
3543
Calculate the highest common factor of 4556 and 8744639.
67
Calculate the highest common factor of 166124454 and 1842.
1842
Calculate the highest common factor of 371425 and 2573.
83
Calculate the highest common factor of 8516 and 141985139.
2129
Calculate the highest common factor of 2201 and 165743252.
71
What is the highest common divisor of 1941240 and 3470?
10
Calculate the greatest common divisor of 325779 and 123.
3
Calculate the highest common factor of 26314918 and 222.
74
Calculate the highest common factor of 15087 and 254787.
141
What is the highest common divisor of 114293620 and 2065?
2065
Calculate the greatest common divisor of 38 and 6668432698.
38
What is the greatest common divisor of 80 and 2434480?
80
What is the greatest common factor of 1731 and 113859?
3
What is the greatest common divisor of 565172361 and 234?
117
Calculate the highest common divisor of 36360 and 3303360.
360
What is the highest common divisor of 3657 and 4999901?
23
What is the greatest common factor of 68247470 and 302?
302
What is the greatest common divisor of 1331784 and 2120?
424
Calculate the highest common divisor of 36 and 13981743.
9
What is the greatest common divisor of 5562 and 1648051191?
2781
What is the greatest common divisor of 1558 and 610546?
38
What is the highest common factor of 16547202 and 282186?
4626
Calculate the greatest common divisor of 252572982 and 23613.
1389
What is the greatest common divisor of 3723 and 306044251?
1241
What is the highest common factor of 19871 and 4553023?
641
Calculate the highest common factor of 79315488 and 8064.
2016
What is the highest common divisor of 16949280 and 41280?
480
What is the greatest common divisor of 957353544 and 54?
18
What is the highest common factor of 929107278 and 1305?
261
Calculate the highest common divisor of 2280 and 113561955.
285
What is the highest common divisor of 88865946 and 185536?
5798
Calculate the highest common divisor of 3023410 and 14365.
845
Calculate the highest common divisor of 749016 and 1704.
24
What is the highest common factor of 18320 and 566999420?
4580
Calculate the highest common factor of 1494 and 286177194.
1494
What is the greatest common divisor of 60798435 and 30?
15
What is the greatest common factor of 403 and 26103891?
31
Calculate the highest common factor of 63 and 22554084.
21
What is the highest common divisor of 1911 and 58778538?
1911
What is the greatest common divisor of 12175